actor of h and 27?
9
Let c be ((-2)/(-4))/((-2)/304). Let z = c + 116. Suppose -24 = -3*s - 0*s. Calculate the greatest common divisor of z and s.
8
Let m = 85 - 57. Suppose 9*p = 4*p + 5*f + 140, 56 = 2*p + 2*f. What is the greatest common factor of m and p?
28
Suppose 634 = 2*u + 2*a, a = -3 + 1. Suppose -4*k = -181 - u. What is the greatest common divisor of 25 and k?
25
Let z(k) = k**2 - 2*k + 5. Let y be z(2). Let o(m) = -m**2 - 6*m + 5. Let i be o(-6). What is the highest common factor of i and y?
5
Suppose 0 = -w - 3*w + 1008. Suppose 5*t = t + w. What is the greatest common divisor of t and 21?
21
Suppose 2*j = 2 + 36. Let z = 32 - -44. What is the greatest common factor of j and z?
19
Suppose 2*l + b - 35 = 0, 5*l = -b + 61 + 31. Let u = -29 - -48. Calculate the greatest common divisor of l and u.
19
Let z(a) = 2*a**2 + 15*a + 28. Let x be z(-13). What is the greatest common factor of 19 and x?
19
Let o be 5/((-30)/(-44)) + (-2)/6. What is the highest common factor of 35 and o?
7
Suppose 3*q - 8 = -q. Let w = q + 3. Suppose 194 = w*u - 851. What is the highest common divisor of u and 19?
19
Suppose 119 = 3*n + 2*q, 0 = -3*n - 0*q + 4*q + 113. Let j = -6 + n. What is the highest common divisor of j and 11?
11
Let q = 48 + -29. What is the highest common factor of q and 152?
19
Let q(l) = 3*l**3 - l**2 + 2*l - 4. Let o be q(2). Calculate the greatest common divisor of o and 5.
5
Suppose -f + 3*f - 4 = 0. Suppose 0 = 4*h - 1 - 3. Calculate the highest common factor of h and f.
1
Let x = 6 + -4. What is the highest common factor of 16 and x?
2
Let w(y) = 2*y**3 + 3*y**2 - 2. Let f be w(-2). Let m(g) = -2*g**3 - 8*g**2 - 2*g - 2. Let p be m(f). Calculate the greatest common divisor of p and 14.
14
Let n be (11/(-5) - -3)*10. Calculate the greatest common factor of n and 32.
8
Let b = -20 - -8. Let s be ((-4)/(-8))/((-2)/b). Suppose s*o = 23 + 13. Calculate the highest common factor of 24 and o.
12
Let p be (31 + -1 + 1)*1. Let k = p - -9. What is the greatest common factor of k and 5?
5
Let j be 490/(-20)*12/(-7). Calculate the highest common factor of j and 56.
14
Suppose -3*f - 2 = -h - f, -4*h - 2*f = -28. Let g = 11 + -8. Calculate the greatest common factor of h and g.
3
Let t be 16/1 - (2 - 0). Let p be 72/7 - 4/t. Let r(u) = -u**2 - 9*u + 5. Let a be r(-9). What is the highest common factor of a and p?
5
Let z(f) = -f**3 - 11*f**2 + f + 16. Let g be z(-11). Suppose r + 44 = 4*i, -52 = -g*i - 0*r + 2*r. What is the greatest common divisor of i and 24?
12
Let w be (-1 - (-4 + 1)) + 118. Suppose q - w = -3*q. Calculate the greatest common divisor of 15 and q.
15
Suppose -2*q + b = 20, -3*b + 1 = -3*q - 35. Let r(p) = -p**2 - 12*p - 7. Let g be r(q). Calculate the highest common divisor of 5 and g.
5
Let o be (-34)/(-1) - (3 + -1). Let n = 46 - o. What is the greatest common factor of n and 42?
14
Suppose -f - 3*f = -5*v - 451, 4 = -4*f. Let d = 173 + v. Suppose 15 = l - p - 1, d = 4*l + 5*p. Calculate the highest common divisor of 90 and l.
18
Let w = -37 + 59. Let i = w - 7. What is the greatest common factor of 120 and i?
15
Let i = -16 + 27. Let a(j) = 6*j - 3. Let r be a(6). Calculate the greatest common divisor of r and i.
11
Suppose n + 4*n = 115. What is the highest common divisor of 69 and n?
23
Let b(l) = 21*l**2 - l - 1. Let z be b(-1). Let r = -40 + z. Let v = 35 + r. Calculate the highest common factor of 40 and v.
8
Let j be (-1 + -1)/(2/(-9)). Suppose -j - 3 = -2*p. Let n(r) = r**2 - 5*r + 12. Let d be n(3). Calculate the highest common factor of d and p.
6
Let t(s) = -s**2 - 3*s + 7. Let d be t(5). Let r(y) = 74*y**3 + y**2 - y + 1. Let j be r(1). Let c = j - d. What is the highest common divisor of c and 12?
12
Let l(d) = -d + 7. Let z be (45/27)/(2/6). Let k be l(z). Suppose 153 = 4*c - k*c + 5*u, -2*u + 162 = 2*c. Calculate the greatest common divisor of 12 and c.
12
Suppose -3*b = -4*a + 348, -b = 4*a + 2*b - 372. Calculate the highest common divisor of a and 10.
10
Let b be 4/(-5)*45/(-2). Let o = 11 - 23. Let i be (o/5)/(8/(-20)). Calculate the greatest common factor of b and i.
6
Let i(j) = 2*j**2 + 25*j + 28. Let q be i(-12). Calculate the highest common divisor of 40 and q.
8
Let z = 4 - 13. Let p = z - -17. What is the highest common divisor of p and 24?
8
Let z be -6*15/20*(-168)/27. What is the highest common factor of z and 84?
28
Let q be ((-352)/(-12))/(1/12). Calculate the greatest common factor of 44 and q.
44
Let x(q) = -23*q - 1. Let h be x(-3). Calculate the greatest common factor of h and 17.
17
Let a be 8*-21*(-4)/48. What is the highest common factor of 2 and a?
2
Let f be ((-2)/(-3))/(55/(-30) + 2). Calculate the greatest common factor of f and 28.
4
Suppose 0 = 6*j - 1505 + 425. Calculate the highest common divisor of 20 and j.
20
Let v(x) = x. Let f(o) = o. Let j(i) = -6*f(i) + 5*v(i). Let m be j(-13). Calculate the greatest common divisor of m and 104.
13
Suppose -2*q = -2*p - 32, 4*q + p - 6*p = 67. Let y(k) = 12*k**2 + 3*k - 2. Let v be y(2). Calculate the highest common divisor of v and q.
13
Suppose 2*t - 7*t = -65. Calculate the highest common divisor of 65 and t.
13
Let j be ((-24)/15)/(4/(-20)). Let q = 6 + 10. What is the highest common factor of j and q?
8
Suppose -r - r = -22. Let a = 11 - 0. What is the greatest common factor of r and a?
11
Suppose 0 = -5*o + 2*o + 351. Let m be ((-8)/6)/(2/(-3)). Suppose -m = -h + 11. What is the greatest common divisor of o and h?
13
Let v = 7 - 4. Let f = 5 + -3. Calculate the highest common factor of f and v.
1
Suppose -5*g = -32 - 93. Let p be (2 + (3 - g))*-2. What is the highest common divisor of p and 10?
10
Let g(v) = -v - 1. Let m(r) = -3*r - 1. Let n(d) = 2*g(d) + m(d). Let l be n(-2). Calculate the greatest common factor of 21 and l.
7
Let b = -16 + 21. Suppose 6*j + 10 = 4*j, b*j - 53 = -3*g. Calculate the highest common divisor of g and 26.
26
Suppose 4*o - 16 = 0, -4*c + 0*o + 204 = 5*o. Let g = -18 + c. What is the greatest common factor of 4 and g?
4
Let o = 4 + 2. Suppose 0 = 12*f - 15*f + 162. What is the highest common divisor of f and o?
6
Suppose 5*c - 5*w - 320 = 0, 3*c + 4*w = 5*w + 190. Let r = c + -45. What is the highest common divisor of 18 and r?
18
Suppose 0 = -3*f + 5 + 1. Suppose f*d - 12 = 5*v, 0 = -v - 2 + 4. Calculate the highest common factor of d and 22.
11
Let z(g) = -1. Let q(s) = -33*s. Let i(n) = -q(n) + 2*z(n). Let u be i(2). What is the greatest common divisor of 8 and u?
8
Let v be 62/6 - (-3)/(-9). Let w = 256 + -251. What is the greatest common factor of w and v?
5
Let y(m) = m**2 + 3*m + 6. Let s be y(-4). Let d = s - 5. Let o be 2 + 12 + -2 + 3. Calculate the greatest common divisor of o and d.
5
Let g = 40 - 20. What is the greatest common divisor of 5 and g?
5
Let r be -1 - (-27 + (0 - 0)). What is the greatest common divisor of 13 and r?
13
Let b(i) = -3*i + i - 1 + 5*i - i. Let u be b(6). Calculate the highest common factor of 99 and u.
11
Let m(k) = k + 7. Suppose 2*z = -n - 1 - 5, 0 = 2*n - 8. Let j be m(z). Let a be 2*1/j*65. Calculate the greatest common divisor of a and 13.
13
Suppose -2*l = -4*a + 7*a - 5, 0 = 2*a - 5*l - 16. Suppose 3*f - 225 = -a*m, 4*m + 142 = 5*f + 460. Calculate the highest common divisor of m and 11.
11
Let l be 3/((-7)/(-4) - 1). Let t = l + 4. Suppose 0*a - 2*m - 8 = -2*a, 2*m = 0. Calculate the greatest common factor of t and a.
4
Let s = 1 + 7. What is the greatest common factor of s and 40?
8
Suppose -5*j + 2*j + 27 = 0. Let m = -44 - -80. Let d be (m/(-16))/(2/(-56)). What is the greatest common divisor of j and d?
9
Let z be 11 - ((4 - 3) + 0). Calculate the greatest common factor of 70 and z.
10
Let u(c) = 2*c - 2. Let w be u(6). Suppose -y + 4*x + w = 0, 3*y + 12 = 3*x + 69. What is the greatest common divisor of 55 and y?
11
Let g = 1 - -4. Suppose 4*j = w - 68 + 171, g*w = j - 21. Suppose 4 = 3*m - 113. What is the greatest common divisor of m and j?
13
Suppose 0 = -5*i - 4*b + 200, 4*i - 115 - 56 = -b. Calculate the highest common factor of 11 and i.
11
Let h(v) = 17*v - 28. Let u be h(8). What is the greatest common divisor of 12 and u?
12
Let x(j) = -j**3 + 12*j**2 + 15*j - 5. Let q be x(13). Calculate the greatest common divisor of q and 21.
21
Let p(